{"id":79,"date":"2017-06-01T12:27:06","date_gmt":"2017-06-01T12:27:06","guid":{"rendered":"http:\/\/www.emil.ee\/?page_id=79"},"modified":"2025-02-19T10:10:34","modified_gmt":"2025-02-19T10:10:34","slug":"79-2","status":"publish","type":"page","link":"https:\/\/emil.ee\/?page_id=79","title":{"rendered":"Hindamine"},"content":{"rendered":"<h4>Hindamine<\/h4>\n<p>Hindamine toimub esitatud dokumentide alusel &#8211; hindamiskomisjon anal\u00fc\u00fcsib taotleja esitatud t\u00f5endusdokumentide alusel taotleja hariduse, t\u00f6\u00f6kogemuse ja t\u00e4iendus\u00f5ppe vastavust kutsestandardile, kasutades hindamislehe vorme.<\/p>\n<p><a href=\"https:\/\/emil.ee\/wp-content\/uploads\/2023\/02\/Hindamisleht_meh_ins.doc\">Mehaanikainseneri hindamisvorm<\/a><\/p>\n<p><a href=\"https:\/\/emil.ee\/wp-content\/uploads\/2023\/02\/Hindamisleht_dipl_meh_ins.doc\">Diplomeeritud mehaanikainseneri hindamisvorm<\/a><\/p>\n<p><a href=\"https:\/\/emil.ee\/wp-content\/uploads\/2023\/02\/Hindamisleht_vol_meh_ins.doc\">Volitatud mehaanikainseneri hindamisvorm<\/a><\/p>\n<p>Kutsete omistamisest ja k\u00e4tteandmisest informeeritakse taotlejaid personaalselt.<\/p>\n\n\n<p><\/p>\n","protected":false},"excerpt":{"rendered":"<p>Hindamine Hindamine toimub esitatud dokumentide alusel &#8211; hindamiskomisjon anal\u00fc\u00fcsib taotleja esitatud t\u00f5endusdokumentide alusel taotleja hariduse, t\u00f6\u00f6kogemuse ja t\u00e4iendus\u00f5ppe vastavust kutsestandardile, kasutades hindamislehe vorme. Mehaanikainseneri hindamisvorm Diplomeeritud mehaanikainseneri hindamisvorm Volitatud mehaanikainseneri hindamisvorm Kutsete omistamisest ja k\u00e4tteandmisest informeeritakse taotlejaid personaalselt.<\/p>\n","protected":false},"author":1,"featured_media":0,"parent":50,"menu_order":0,"comment_status":"closed","ping_status":"closed","template":"","meta":{"footnotes":""},"class_list":["post-79","page","type-page","status-publish","hentry","post-preview"],"_links":{"self":[{"href":"https:\/\/emil.ee\/index.php?rest_route=\/wp\/v2\/pages\/79","targetHints":{"allow":["GET"]}}],"collection":[{"href":"https:\/\/emil.ee\/index.php?rest_route=\/wp\/v2\/pages"}],"about":[{"href":"https:\/\/emil.ee\/index.php?rest_route=\/wp\/v2\/types\/page"}],"author":[{"embeddable":true,"href":"https:\/\/emil.ee\/index.php?rest_route=\/wp\/v2\/users\/1"}],"replies":[{"embeddable":true,"href":"https:\/\/emil.ee\/index.php?rest_route=%2Fwp%2Fv2%2Fcomments&post=79"}],"version-history":[{"count":5,"href":"https:\/\/emil.ee\/index.php?rest_route=\/wp\/v2\/pages\/79\/revisions"}],"predecessor-version":[{"id":303,"href":"https:\/\/emil.ee\/index.php?rest_route=\/wp\/v2\/pages\/79\/revisions\/303"}],"up":[{"embeddable":true,"href":"https:\/\/emil.ee\/index.php?rest_route=\/wp\/v2\/pages\/50"}],"wp:attachment":[{"href":"https:\/\/emil.ee\/index.php?rest_route=%2Fwp%2Fv2%2Fmedia&parent=79"}],"curies":[{"name":"wp","href":"https:\/\/api.w.org\/{rel}","templated":true}]}}